+ -18 + -4 + 28?
20
Calculate 4 - (-134 + 144 + (-5 - (2 + -1))).
0
Calculate -3 - (-5 - (-1 - 6) - 4).
-1
Evaluate 24 - (8 - (-9 + -23)).
-16
(2 - -1) + -8 + -18 + 24 + 15
16
What is the value of -6 - (61 - 56 - (0 + -14))?
-25
What is the value of -2 + 12 + (-375 - -353)?
-12
What is the value of 5 + (1 - 3) - 2 - 19?
-18
Evaluate (5 - 15 - 6) + -3.
-19
What is the value of 33 + -17 + -26 - 4?
-14
Calculate 9 + (3 + (5 - (4 - -4)) - 6).
3
What is -13 + (-7 + 21 - (28 + -52))?
25
-5 + -23 + 4 + 9
-15
Calculate -3 + (4 - (-4 + -1)) - 0.
6
Evaluate -2 + 6 - (-105 - -118).
-9
What is (14 - 15) + 4 - 20?
-17
What is the value of (11 - (7 - (4 - 14))) + 8 + -3?
-1
Evaluate 28 - 31 - (-1 - -5 - 4).
-3
Calculate 3 + -17 + (-40 - -57).
3
Evaluate -185 + 190 - (1 - (2 - 2)).
4
Calculate -10 - (-19 - -30) - -39.
18
-7 + -7 + 8 + 13 + 1
8
What is -24 - -46 - -21 - 20?
23
What is the value of 10 + -3 - (7 - -10) - 2?
-12
(1 - 9) + 25 + -15 + -11
-9
Calculate 168 - 175 - (2 - 23).
14
What is the value of -75 + 58 + (27 - 7)?
3
58 + -55 + -3 + (-1 - -2)
1
Calculate 22 + -5 + (66 - 107).
-24
What is the value of 6 + -1 + 1 - (86 + -88)?
8
Calculate -1 - -19 - (5 - 0 - 6).
19
What is the value of (-7 + 6 - -6) + (-1 - -9)?
13
-13 + 13 + (-3 - -11) + -14 - -16
10
Evaluate (7 - (23 + (-14 - -19))) + 12.
-9
What is the value of 33 + -21 + -24 + 39?
27
What is the value of 1 + 3 - (54 + -41) - -19?
10
What is the value of (8 - (-22 + 5)) + -8 + 2?
19
What is -16 + 36 + 8 + -33?
-5
What is the value of 29 + (11 - (-6 - (-3 - 9) - -1))?
33
What is the value of (-13 - -16) + -15 + -3 - (0 - -5)?
-20
Calculate 0 - (-20 + 9 - -11) - (1 - 1).
0
What is the value of -10 + 13 + -12 + 13 + (1 - 16)?
-11
What is the value of -15 - ((22 - 20) + -29)?
12
Evaluate -10 + (2 - -15 - 5).
2
What is 46 - 49 - (-1 + 16)?
-18
Calculate -9 - (3 - 8) - (-3 + 0).
-1
Calculate (-13 - (-6 + -22)) + -12 - -15.
18
Calculate -14 + 2 + 16 + -13.
-9
What is 1 - (-11 - -20 - 19) - 9?
2
What is the value of 22 + -26 - (9 + 3 - 0 - 5)?
-11
Calculate 4 + (14 + -17 - 15).
-14
2 - (-5 - -14) - (-149 - -143)
-1
What is the value of 0 + -12 + (37 - (-20 + 27))?
18
10 - -11 - -23 - 20
24
What is (2 - -2) + (-4 - (14 - 7))?
-7
What is the value of -5 - (3 + -7 + 9 + -11 - -5)?
-4
What is the value of 7 - (-8 - (4 + -16))?
3
-15 + -3 - -1 - -11
-6
What is the value of 12 - (-7 - -14) - (-3 + -1 - 2)?
11
Evaluate (-14 - -36) + -21 + 24 + -11.
14
35 - (-33 - -95 - 35)
8
Evaluate -33 - (9 + 23 + -43).
-22
Evaluate 20 + 4 + (-13 - (-13 + -6 + 12)).
18
What is the value of (-19 - -26 - -26) + (-3 - 4)?
26
What is -2 + (1 + -3 - 1)?
-5
13 - (-6 + 5 - (-6 - (5 - 6)))
9
Evaluate -640 + 633 + (-1 - 4).
-12
Evaluate 3 - (-32 + 13 - -17).
5
Evaluate (5 + -3 + 2 - -2) + -16.
-10
What is 5 + (5 + 7 + -15 - -4)?
6
What is -4 - -17 - (2 + 5) - 1?
5
-10 - 18 - (-114 + 69)
17
Evaluate -6 - -1 - ((-7 - -17 - 8) + -13).
6
Calculate (2 - 9) + 14 + (-5 - (0 - 3)).
5
Calculate -27 + 82 + -1 + -34.
20
-18 + -10 + 26 + 9
7
19 + (1 - -4 - 36) + 38
26
Calculate (-1 - -25) + 116 + -122.
18
What is the value of -2 + -3 + 16 + 43 + -61 + 8?
1
What is 0 + -9 + 3 + 3 + (2 - 11)?
-12
Evaluate -2 + 5 - (-18 - -36 - 17).
2
What is the value of 10 + (-29 - -62) + -22?
21
What is -8 - -34 - 24 - (11 - 2)?
-7
What is the value of (2 - -3 - 3 - 7) + -582 + 588?
1
What is -11 - (-18 + 13 + 13)?
-19
Evaluate -7 + -3 + 12 + 9.
11
What is -1 + -2 + (1 - -1) + -21 + 10?
-12
9 + -6 + -9 - -11 - -5
10
What is 41 + -54 + -2 + 1 + 3?
-11
What is the value of 32 + -23 + (3 - -2) + (-4 - -2)?
12
Calculate -13 + 15 + 13 + -1 + 3.
17
Evaluate 28 - ((-3 - -5) + 10).
16
What is (-39 - -50) + -5 + -22?
-16
-5 - -6 - (-40 - -56)
-15
Calculate -15 + (4 - (5 + 0)) + -2 + 5.
-13
What is the value of (-9 - 1 - (-44 - -39)) + -8?
-13
What is -13 + (19 - -1) - (7 + -3)?
3
What is the value of -1 + (-1 - -4) - (6 + (3 - 11))?
4
Calculate 15 + -4 + 0 + 4 - (3 - -1).
11
Evaluate 28 - 48 - (-6 + -9).
-5
0 + -14 - (-28 + 23 + -12)
3
What is -13 + (3 - (-10 - -6)) - (0 + -18)?
12
What is -20 + (-38 - -62) + (2 - 13)?
-7
Evaluate 1 + -9 + 27 + 7 + -31.
-5
What is the value of -16 - -7 - (-14 - -13)?
-8
What is (-1 - 0) + 3 + -7 - 12 - -6?
-11
Calculate 20 + -9 + (8 - 1) + -10 - -1.
9
-17 + 46 + (-7 - (2 - (3 - 4)))
19
Calculate 52 + -69 - (-37 - -2).
18
Evaluate 18 + -12 + 5 + -20.
-9
What is the value of 5 + -6 + 3 + 7?
9
What is the value of -1 + -6 + -12 + 10?
-9
Evaluate (2 + 1 - ((5 - -8) + -15)) + -24.
-19
Calculate -13 + 12 + 13 - -12 - 2.
22
What is the value of -2 - -49 - (-30 - -66)?
11
Evaluate -1 - (-4 + 0 + 1 + -5 + 7).
0
Calculate -5 + (4 + 13 - (5 - 0)).
7
Calculate -25 + (17 - (3 - -9 - 3)).
-17
-1 - 2 - (-30 - -31) - 2
-6
Calculate (1 - -2 - (1 - -1)) + -8 - 3.
-10
Calculate (-14 - -23 - 17) + -2 + 2.
-8
Calculate (-9 - -11 - (0 + (0 - -2))) + -2.
-2
Calculate -10 + -20 + 47 + -28.
-11
What is -2 - (11 - (10 - 6))?
-9
-18 + (13 - 16) + 5
-16
Calculate -11 + (2 - 1) + -1 + 10 + -4.
-5
Evaluate -2 - ((5 - 9) + 1) - (-1 - -10).
-8
Calculate -3 - (5 - (8 - -4)) - (-9 + -4).
17
0 + -18 - (23 + (-41 - -8))
-8
-10 + (-25 + 13 - 5)
-27
What is the value of 4 + 10 + 1 - (-59 + 52)?
22
What is the value of 16 - ((18 - 2 - 7) + -6)?
13
Calculate 9 + -13 - (-29 - -9) - -12.
28
What is (-6 - (7 + -13) - -6) + -22?
-16
What is (2 + 10 - 4) + (7 - (-3 + 38))?
-20
What is 17 + -24 + 9 + 9?
11
(11 - (0 + 5)) + -1 + 8
13
What is the value of -23 + 0 + -16 + 15?
-24
Evaluate 26 + -2 - (152 + -154).
26
32 - 2 - (68 - 64)
26
What is 12 + 13 + -29 - -29?
25
What is the value of (-116 - -52) + 46 + (-1 - -1)?
-18
What is -11 + 14 - (3 + (14 - 11))?
-3
What is (-2 - 12) + (6 - -7) + (1 - 4)?
-4
Evaluate 1 + -3 + 7 + (-5 - -1) + 13.
14
Calculate -10 - (-3 + 22 + -16).
-13
-38 + (-13 - (13 - (53 + -16)))
-27
Calculate 8 + -4 + (0 - 3) + 10.
11
Evaluate -236 + 249 + 2 + -1 + -3.
11
Calculate (-4 - -1 - 13) + 0 + (-2 - -7).
-11
Evaluate -19 + 14 - (-26 + 7 - 0).
14
23 + -39 + (15 - -15)
14
Evaluate 686 + -713 + -1 + 1.
-27
What is 7 - ((0 - 3) + 43 + -41 - -2)?
6
What is -14 - (7 + -24 + -1)?
4
Calculate -11 - (35 - 38) - (0 + -2 + 1).
-7
Evaluate (13 - 9 - -4) + 5.
13
-15 + 8 + (-13 - -10)
-10
What is the value of -24 - (17 + -22 - 16)?
-3
What is 5 + 9 + (18 - 17)?
15
Calculate (25 - 23) + -11 + 4 + 0 + 2.
-3
Evaluate (-126 + 63 - -97) + -1 + -16.
17
Evaluate 28 - (-27 + 39 + 5).
11
-11 + (-9 - -1) + -9 + 6 + 0
-22
Evaluate (11 + -17 - -5) + (3 - 2) + -15.
-15
What is -686 - -677 - (-12 - (0 + -1))?
2
What is 22 + 17 + -37 + -13 + 4 + 5?
-2
42 - (17 + -6) - 28
3
Evaluate 33 - ((0 - -10) + -28 + -12 + 35).
28
What is (3 - -5) + 2 + -35 + 34?
9
What is (-2 - -11) + (0 + 8 - 29)?
-12
Evaluate (16 - (-9 - -29) - (3 + -3)) + -4.
-8
6 - (21 - (13 + -1))
-3
What is -36 + (5 - -9) + 18?
-4
8 - ((8 + -19 - -11) + 22)
-14
Evaluate 11 + (-2 - -14) + (11 + -16 - 2).
16
(2 - (7 - (3 - 2))) + 7
3
What is -10 - (-7 - (-36 + 20))?
-19
What is 470 + -481 - ((0 - -1) + -10)?
-2
What is the value of -14 - (-13 - (-10 - 13) - 17)?
-7
-97 - -102 - (0 + -13) - -1
19
What is the value of -20 + -2 + 33 + -26?
-15
Calculate 20 - (-20 - 18 - -36).
22
(-9 - (1 + -6) - -4) + -3
-3
What is the value of 5 - -15 - 3 - (-31 + 36)?
12
9 + (-7 - 5) - 0
-3
Evaluate 78 + -18 - (23 - -9).
28
What is the value of -15 + 7 + 0 + -1 + 12?
3
What is the value of 1 + (0 - -7) + -20?
-12
What is -4 - -22 - (-1 + (7 - (0 + 3)))?
15
-32 + 77 + -20 + 7
32
Calculate 11 - (-2 - (5 + -7) - 7) - -2.
20
What is the value of -6 - 3 - (-11 - 5)?
7
-48 + 47 - (-3 + (-2 - -1) + -3)
6
(1 - 14) + (-29 - (58 + -76))
-24
What is the value of (28 - 2) + -21 - 29?
-24
-3 - ((27 - 18 - (2 - -5)) + 4)
-9
What is -7 + -35 + 21 + 8?
-13
-29 - (-34 - -1) - (-1 - -9)
-4
What is the value of -13 + (-2 - -15) - 7?
-7
What is 2 + -3 - (-10 + -4) - (1 - 7)?
19
Evaluate 29 - (-1 + -18 + 31).
17
Calculate 0 - 5 - (15 - (-23 + 51)).
8
What is the value of -9 - (2 + -14) - (-7 + (-4 - -5))?
9
Calculate 108 + -126 - (2 - (2 - 0)) - -2.
-16
Evaluate -6 + 3 + 5 + (-9 - -3) + 14.
10
Evaluate (-4 - (0 - 6)) + -3 + -6 + 23.
16
What is the value of 0 - (-9 + 26 - 16)?
-1
4 + (-4 + -6 + 6 - 0) + 0
0
What is ((6 - 12) + 7 - -6 - 5) + -11?
-9
-1 + 27 + (-17